) in base 13?
410
4340 (base 6) to base 5
12441
Convert -a386 (base 13) to base 6.
-252323
What is -ed (base 15) in base 12?
-167
What is 2211 (base 4) in base 15?
b0
Convert -4 (base 8) to base 11.
-4
What is 10330 (base 7) in base 4?
220021
1101111 (base 2) to base 15
76
What is c89 (base 15) in base 12?
1779
123203 (base 4) to base 13
a58
What is 23610 (base 7) in base 2?
1011111110100
Convert 151a0 (base 11) to base 6.
243355
Convert -98a (base 16) to base 5.
-34232
What is -2581 (base 12) in base 10?
-4273
-b43 (base 16) to base 4
-231003
152134 (base 7) to base 4
13032010
Convert -1c1a1 (base 13) to base 16.
-d7b9
What is -2068 (base 11) in base 9?
-3670
2177 (base 10) to base 16
881
What is -26a (base 13) in base 8?
-652
What is -196b (base 14) in base 9?
-6274
What is ebbe (base 15) in base 4?
30023300
What is -11102 (base 4) in base 13?
-200
What is 1618 (base 12) in base 6?
20032
-289d (base 14) to base 11
-5451
Convert -732 (base 16) to base 14.
-958
751 (base 10) to base 2
1011101111
What is 512 (base 14) in base 10?
996
What is 3463 (base 8) in base 6?
12311
Convert -1510 (base 12) to base 8.
-4634
-3c3 (base 15) to base 11
-710
What is 212121122 (base 3) in base 12?
9b68
-100333 (base 5) to base 2
-110010010010
Convert 213 (base 8) to base 11.
117
Convert 110334 (base 7) to base 9.
28523
Convert 1373 (base 10) to base 2.
10101011101
Convert 12323 (base 8) to base 2.
1010011010011
What is -466 (base 16) in base 8?
-2146
Convert -1101110 (base 3) to base 14.
-523
10a (base 14) to base 15
db
-22201 (base 4) to base 5
-10143
27201 (base 8) to base 11
8a43
b87 (base 16) to base 12
185b
Convert -110101101111101 (base 2) to base 3.
-1101202011
2011012 (base 3) to base 7
4403
What is -3499 (base 10) in base 14?
-13bd
-1311 (base 15) to base 16
-fe2
Convert -10020 (base 4) to base 9.
-323
-6505 (base 8) to base 4
-311011
What is 330322 (base 6) in base 16?
6aca
Convert 1112112221 (base 3) to base 9.
45487
-22c8 (base 14) to base 8
-13650
Convert -f34 (base 16) to base 13.
-1a05
921 (base 10) to base 3
1021010
What is 31b7 (base 16) in base 15?
3b87
141342 (base 5) to base 15
1aec
What is -358 (base 11) in base 5?
-3201
Convert 313 (base 9) to base 6.
1103
-513215 (base 6) to base 15
-c1c2
-2232 (base 7) to base 15
-38c
15251 (base 9) to base 8
24256
What is -244 (base 16) in base 13?
-358
Convert 42121 (base 9) to base 2.
110110010011010
Convert -1213002 (base 4) to base 10.
-6594
1aa2 (base 12) to base 13
1661
What is -466 (base 16) in base 10?
-1126
10110000 (base 2) to base 14
c8
100222 (base 3) to base 10
269
What is 103363 (base 8) in base 7?
202502
What is -88 (base 12) in base 11?
-95
Convert 171 (base 8) to base 10.
121
-7307 (base 8) to base 6
-25303
What is -838 (base 11) in base 8?
-1761
Convert 10011 (base 6) to base 13.
793
Convert 910 (base 13) to base 9.
2084
What is 3719 (base 10) in base 9?
5082
-1062 (base 11) to base 7
-4036
What is -121201 (base 3) in base 4?
-13003
2251 (base 7) to base 6
3444
What is -10100011000 (base 2) in base 12?
-908
3d (base 16) to base 6
141
Convert -5b3 (base 15) to base 2.
-10100001101
What is -440301 (base 5) in base 6?
-153444
Convert 2244 (base 15) to base 2.
1110001100000
Convert -1035 (base 6) to base 12.
-17b
-2a6 (base 13) to base 12
-336
Convert -1540 (base 12) to base 5.
-34441
What is -39d (base 15) in base 2?
-1100110111
Convert 320 (base 9) to base 13.
171
Convert 38 (base 13) to base 15.
32
Convert -1143434 (base 5) to base 7.
-120252
What is -3021 (base 9) in base 3?
-10000201
1665 (base 13) to base 7
12414
-6142 (base 7) to base 2
-100001011001
What is 6158 (base 10) in base 4?
1200032
Convert -111011011011 (base 2) to base 4.
-323123
Convert 23960 (base 12) to base 6.
1010200
What is -113012 (base 4) in base 6?
-10502
What is -11121221 (base 3) in base 8?
-6455
Convert -5a3b (base 15) to base 13.
-8966
Convert -185b (base 16) to base 4.
-1201123
-2411 (base 6) to base 9
-717
Convert 20a88 (base 11) to base 6.
353340
What is 16794 (base 10) in base 4?
10012122
Convert -1234 (base 9) to base 11.
-769
What is 1314 (base 14) in base 13?
16a9
What is -1545 (base 7) in base 9?
-760
Convert 1022100 (base 3) to base 15.
439
What is 635 (base 16) in base 9?
2155
Convert 11330133 (base 4) to base 9.
36356
Convert 1101010000010 (base 2) to base 9.
10270
1420 (base 7) to base 10
553
Convert -6f1 (base 16) to base 11.
-1376
What is 23 (base 15) in base 13?
27
Convert 2051 (base 10) to base 4.
200003
-234f (base 16) to base 14
-3419
Convert -2c92 (base 13) to base 10.
-6541
-21566 (base 9) to base 3
-201122020
Convert -157b2 (base 12) to base 4.
-13130312
717 (base 9) to base 11
490
Convert -1422c (base 13) to base 8.
-111535
Convert -42534 (base 7) to base 16.
-2940
-235155 (base 6) to base 16
-506f
Convert -34013 (base 5) to base 14.
-c23
What is -5f7 (base 16) in base 11?
-1169
Convert -1101101110 (base 2) to base 13.
-527
What is -702 (base 10) in base 12?
-4a6
What is 1010222022 (base 3) in base 16?
5834
Convert -11001101 (base 2) to base 7.
-412
Convert ac5 (base 16) to base 11.
2087
What is 11000000101 (base 2) in base 8?
3005
Convert -2000212 (base 3) to base 12.
-a35
Convert 20177 (base 9) to base 8.
31731
What is -146127 (base 8) in base 3?
-2122202110
Convert -50504 (base 6) to base 15.
-1e94
552 (base 11) to base 6
3022
What is 114660 (base 8) in base 3?
1222222012
1161 (base 7) to base 16
1b3
3a88 (base 12) to base 14
2648
9096 (base 11) to base 5
341314
What is -537 (base 15) in base 8?
-2231
-b184 (base 13) to base 12
-12190
3267 (base 10) to base 9
4430
-c623 (base 13) to base 7
-142622
What is -1111020 (base 3) in base 7?
-3111
Convert -5fc (base 16) to base 12.
-a78
Convert -1313013 (base 4) to base 9.
-11410
What is 100111010 (base 2) in base 12?
222
What is -1011100110 (base 2) in base 15?
-347
What is 7070 (base 10) in base 7?
26420
-41033 (base 5) to base 16
-a53
24343 (base 5) to base 9
2473
Convert -6cd9 (base 15) to base 4.
-11221302
12110222 (base 3) to base 11
3002
What is 1825 (base 10) in base 6?
12241
What is -300 (base 12) in base 13?
-273
400 (base 5) to base 6
244
What is -14250 (base 9) in base 3?
-111021200
Convert bd (base 15) to base 8.
262
Convert 23a (base 14) to base 7.
1203
What is 110021221 (base 3) in base 10?
8962
Convert 86c9 (base 13) to base 5.
1100010
-10102 (base 8) to base 13
-1b82
Convert 40584 (base 11) to base 14.
1784d
10100110001011 (base 2) to base 8
24613
3bc1 (base 14) to base 15
31dc
What is -200 (base 14) in base 12?
-288
571 (base 11) to base 2
1010101011
What is -103150 (base 8) in base 9?
-52171
3412 (base 12) to base 11
437a
What is 58e (base 15) in base 7?
3446
38 (base 13) to base 4
233
Convert -3a9 (base 12) to base 9.
-683
What is -1750e (base 15) in base 3?
-10211102012
Convert 1010010011000100 (base 2) to base 10.
42180
What is 101110101 (base 2) in base 5?
2443
Convert 1337 (base 9) to base 5.
13011
Convert 1971 (base 11) to base 2.
100111000010
-8580 (base 9) to base 2
-1100010100101
What is -1010101100100010 (base 2) in base 10?
-43810
Convert 3960 (base 12) to base 4.
1212120
Convert 101200 (base 3) to base 11.
242
Convert 204525 (base 6) to base 9.
24708
What is 110221111 (base 3) in base 7?
36340
-4402102 (base 5) to base 15
-17487
Convert -1010000001110010 (base 2) to base 12.
-1b92a
-3442 (base 11) to base 10
-4523
747 (base 12) to base 16
427
Convert -86 (base 16) to base 2.
-10000110
16c41 (base 13) to base 2
1010101100110000
What is -11100000 (base 4) in base 6?
-243320
Convert 1042 (base 5) to base 3.
12110
What is 315 (base 7) in base 11?
135
Convert -433 (base 15) to base 7.
-2523
-1048 (base 12) to base 10
-1784
Convert 1c3 (base 14) to base 10.
367
Convert -205b (base 13) to base 7.
-16014
What is -2053 (base 8) in base 9?
-1415
Convert 40004 (base 6) to base 15.
180d
401 (base 6) to base 9
171
Convert -44a (base 14) to base 11.
-703
465 (base 10) to base 13
29a
2757 (base 13) to base 2
1011000010001
-6647 (base 9) to base 6
-34411
What is 47b (base 15) in base 13?
602
What is cc3 (base 15) in base 12?
1803
Convert -4254 (base 7) to base 15.
-6a9
-15401 (base 7) to base 16
-10d9
Convert -1004123 (base 5) to base 3.
-211011122
What is -821 (base 12) in base 7?
-3301
What is -a535 (base 11) in base 6?
